
2, 29, 37, 619, 1117
What are the prime factors of 64515454?
2, 32257727
What are the prime factors of 2460416307?
3, 17, 4349, 11093
List the prime factors of 992772805.
5, 23, 29, 297683
List the prime factors of 4360477.
11, 36037
What are the prime factors of 5097054097?
20749, 245653
List the prime factors of 25537012.
2, 43, 148471
What are the prime factors of 147481986?
2, 3, 1087, 22613
List the prime factors of 1070200981.
1070200981
List the prime factors of 14311663.
14311663
List the prime factors of 4128468003.
3, 11, 17, 331, 7411
List the prime factors of 13401944.
2, 29, 61, 947
What are the prime factors of 297510130?
2, 5, 29, 1025897
What are the prime factors of 194223854?
2, 11, 311, 28387
List the prime factors of 965800202.
2, 127, 3802363
List the prime factors of 21670803.
3, 7, 11, 31271
What are the prime factors of 724463447?
724463447
List the prime factors of 2464299.
3, 101, 2711
What are the prime factors of 135180543?
3, 227, 198503
List the prime factors of 43874937.
3, 53, 59, 1559
List the prime factors of 75226468.
2, 23, 817679
What are the prime factors of 1039761673?
1039761673
What are the prime factors of 422040405?
3, 5, 241, 116747
What are the prime factors of 5670636717?
3, 1890212239
List the prime factors of 1201862487.
3, 7, 57231547
List the prime factors of 49158993.
3, 13, 1260487
List the prime factors of 69907033.
7, 2081, 4799
List the prime factors of 91705075.
5, 7, 11, 47639
What are the prime factors of 1057900693?
1187, 891239
What are the prime factors of 332870780?
2, 5, 11, 1513049
What are the prime factors of 533216852?
2, 7, 29, 656671
List the prime factors of 4956470001.
3, 7, 3746387
What are the prime factors of 8104164?
2, 3, 675347
What are the prime factors of 102479291?
102479291
What are the prime factors of 26598058?
2, 173, 76873
What are the prime factors of 264349916?
2, 66087479
List the prime factors of 55868469.
3, 18622823
What are the prime factors of 169717369?
169717369
List the prime factors of 485921787.
3, 13, 557, 22369
What are the prime factors of 561491279?
561491279
List the prime factors of 2051131137.
3, 11, 5650499
What are the prime factors of 32825121?
3, 7, 1563101
What are the prime factors of 49895774?
2, 24947887
What are the prime factors of 183476419?
7, 26210917
What are the prime factors of 61392944?
2, 103, 37253
What are the prime factors of 18666057?
3, 809, 7691
What are the prime factors of 3365044131?
3, 1121681377
What are the prime factors of 86924441?
5167, 16823
List the prime factors of 136407206.
2, 13, 5246431
List the prime factors of 271938393.
3, 19, 883, 1801
List the prime factors of 720006813.
3, 2962991
List the prime factors of 655085420.
2, 5, 11, 19, 156719
What are the prime factors of 40928272?
2, 7, 11, 139, 239
What are the prime factors of 10534681?
2477, 4253
List the prime factors of 5263684.
2, 19, 69259
What are the prime factors of 2416150553?
2416150553
List the prime factors of 523040705.
5, 11, 3049, 3119
List the prime factors of 1052026202.
2, 526013101
List the prime factors of 757775172.
2, 3, 7, 11, 47, 17449
List the prime factors of 36993769.
71, 521039
List the prime factors of 213065905.
5, 13, 19, 23, 577
List the prime factors of 29856876.
2, 3, 7, 50777
List the prime factors of 335604213.
3, 7, 59, 90289
List the prime factors of 977254626.
2, 3, 19, 2357, 3637
What are the prime factors of 17995439?
7, 11, 103, 2269
What are the prime factors of 37168204?
2, 9292051
List the prime factors of 2128959359.
8087, 263257
What are the prime factors of 24226134?
2, 3, 281, 14369
List the prime factors of 794988834.
2, 3, 73, 1815043
List the prime factors of 207654227.
11, 883, 21379
What are the prime factors of 1927523129?
7, 1987, 138581
List the prime factors of 3277011508.
2, 2579, 317663
List the prime factors of 242615335.
5, 89, 545203
List the prime factors of 75257702.
2, 13, 23, 317, 397
List the prime factors of 141224809.
11, 29, 31, 14281
List the prime factors of 5496380908.
2, 17, 80829131
List the prime factors of 116343193.
953, 122081
List the prime factors of 635843296.
2, 11, 1806373
List the prime factors of 325536946.
2, 7, 47, 494737
List the prime factors of 101381545.
5, 199, 101891
List the prime factors of 1146901074.
2, 3, 11, 43, 404123
List the prime factors of 15257913.
3, 11, 462361
What are the prime factors of 150925672?
2, 18865709
List the prime factors of 17962718.
2, 8981359
What are the prime factors of 47826406?
2, 17, 43, 32713
List the prime factors of 557520440.
2, 5, 17, 37, 22159
List the prime factors of 265838649.
3, 3617, 24499
List the prime factors of 59696803.
19, 3141937
List the prime factors of 291761212.
2, 31, 2352913
What are the prime factors of 34304618?
2, 41, 418349
List the prime factors of 366387150.
2, 3, 5, 109, 22409
What are the prime factors of 15323253?
3, 11, 19, 24439
List the prime factors of 175415451.
3, 58471817
List the prime factors of 5282279.
5282279
What are the prime factors of 319051517?
7561, 42197
What are the prime factors of 34654203?
3, 887, 1447
What are the prime factors of 1009766009?
7, 479, 301153
What are the prime factors of 21255611?
13, 23, 71089
List the prime factors of 5392406767.
11, 490218797
List the prime factors of 314120470.
2, 5, 31412047
List the prime factors of 713085532.
2, 53, 277, 12143
List the prime factors of 90033702.
2, 3, 11, 163, 8369
List the prime factors of 656366865.
3, 5, 7, 11, 37, 15359
What are the prime factors of 67525861?
13, 23, 225839
What are the prime factors of 12475368?
2, 3, 163, 1063
What are the prime factors of 67526507?
67526507
List the prime factors of 143140547.
11, 19, 31, 22093
What are the prime factors of 111501519?
3, 19, 503, 3889
What are the prime factors of 86541424?
2, 17, 103, 3089
What are the prime factors of 1206523695?
3, 5, 13, 6187301
What are the prime factors of 4008490755?
3, 5, 267232717
List the prime factors of 131789469.
3, 7, 67, 13381
What are the prime factors of 10885151?
17, 640303
What are the prime factors of 431392129?
7, 59, 21317
What are the prime factors of 372358567?
7, 193, 367, 751
What are the prime factors of 247968001?
17, 719, 20287
What are the prime factors of 621583244?
2, 155395811
List the prime factors of 28480532.
2, 23, 309571
What are the prime factors of 581142845?
5, 1373, 84653
What are the prime factors of 91673432?
2, 2999, 3821
What are the prime factors of 116771872?
2, 7, 19, 27437
What are the prime factors of 319607441?
319607441
List the prime factors of 56666749.
757, 74857
What are the prime factors of 1046314232?
2, 17, 31, 248177
List the prime factors of 289958309.
23, 139, 90697
List the prime factors of 311363613.
3, 11, 71, 4027
What are the prime factors of 174655035?
3, 5, 43, 3343
What are the prime factors of 1629049473?
3, 31, 5838887
List the prime factors of 47676070.
2, 5, 13, 257, 1427
List the prime factors of 16732964.
2, 17, 246073
What are the prime factors of 11665682?
2, 7, 47, 17729
List the prime factors of 2894525797.
19, 271, 29587
List the prime factors of 87432568.
2, 23, 643, 739
List the prime factors of 2221498876.
2, 6287, 88337
List the prime factors of 166853567.
383, 435649
List the prime factors of 152394214.
2, 7, 222149
List the prime factors of 11956842.
2, 3, 179, 1237
What are the prime factors of 495994556?
2, 233, 532183
What are the prime factors of 161838991?
719, 225089
What are the prime factors of 106309387?
106309387
What are the prime factors of 1777651999?
2411, 737309
List the prime factors of 54824689.
54824689
List the prime factors of 73593430.
2, 5, 7359343
List the prime factors of 161499391.
61, 2647531
List the prime factors of 213366522.
2, 3, 577, 61631
List the prime factors of 54036066.
2, 3, 7, 103, 12491
What are the prime factors of 1645441022?
2, 23, 281, 127297
What are the prime factors of 18435037?
18435037
What are the prime factors of 1217410200?
2, 3, 5, 676339
List the prime factors of 465933750.
2, 3, 5, 124249
What are the prime factors of 2391370594?
2, 1195685297
List the prime factors of 157086918.
2, 3, 23, 79, 1601
What are the prime factors of 83799713?
83799713
What are the prime factors of 181081933?
1